p(v) = -v**3 - v**2 + 2*v + 1. Let m be p(-3). Let d(r) = 17*r - 65. List the prime factors of d(m).
2, 3, 13
Suppose 4*g - g - 864 = 0. Let v = -151 + g. Suppose -3*m - 4*u = -136, 5*u = 3*m - v + 37. What are the prime factors of m?
2, 5
Let f be 1615/20 - 4/(-16). Let n = f - 41. What are the prime factors of n?
2, 5
Let i(s) = -11*s + 19. Let l be i(-7). Suppose 3*p = -p + 4*a + 168, -2*p - 4*a + l = 0. What are the prime factors of p?
2, 11
List the prime factors of ((-1049)/((-5 - 2) + 6))/1.
1049
Let v be (-218)/(-4) - 2/4. Let t = 90 - v. List the prime factors of t.
2, 3
Let q = 833 - 197. What are the prime factors of q?
2, 3, 53
Let i(v) = -6*v + 14. Let j be i(7). List the prime factors of 2/8 - 3129/j.
2, 7
Let d be 8 + 18 - (2 - 0). Suppose 5*i + 9 = d. Suppose 0 = 5*s + i*n - 60, -s + 21 = 5*n - 13. List the prime factors of s.
3
Let g(v) = 7*v - 15. Let p(m) = 6*m - 15. Let i(w) = 5*g(w) - 6*p(w). Let z be i(9). Suppose -f - 130 = -z*f. What are the prime factors of f?
2, 13
Suppose 4*f = -3*i + 550, 5*i = -f + 48 + 81. Let d = f + -92. What are the prime factors of d?
47
Let m be 4 - 4 - -3 - -12. Suppose 0 = 7*v - m*v + 232. List the prime factors of v.
29
Let z(w) = 65*w - 96. What are the prime factors of z(15)?
3, 293
List the prime factors of (2 + 3)*398/5.
2, 199
Suppose 5*v - 25 - 10 = 0. Let j(t) = -t + 11. Let g be j(v). Suppose -g*z = -181 - 19. What are the prime factors of z?
2, 5
Let d(b) = 45*b + 23. Suppose 0 = -k + 2*g + 6, 5*k - 5*g = -2*g + 16. What are the prime factors of d(k)?
113
Let t(q) = -q + 4. Let l be t(2). Suppose l*g - 14 + 10 = 0. Suppose -c = g*s - 128, 5*s + c = s + 258. List the prime factors of s.
5, 13
Let i(o) = 2*o**2 - 2*o + 1. Let b(z) = -z**2 + z + 1. Let w(t) = 3*b(t) + i(t). Let c be w(6). What are the prime factors of -2 + c*(-3)/6?
11
Suppose 5*k - 10 = 5*l + 10, -1 = l. Let u(o) = 2*o + 0 + 1 - 4*o**3 + 8*o**k. List the prime factors of u(2).
37
Suppose -2*a - a + 2*w + 511 = 0, 362 = 2*a + 4*w. Suppose -15 - 10 = -5*k, 5*k = -4*n + a. List the prime factors of n.
37
Let v(a) = a**3 - 12*a**2 + 10*a + 1. Let q be v(11). Suppose c = -2*r - 18, r - 27 = -0*c + 4*c. Let f = c - q. List the prime factors of f.
2
Let b(p) = -10*p**3 + p**2 + 2*p + 7. Let k be b(-3). Let q = -176 + k. List the prime factors of q.
2, 13
Suppose -c - 5*x - 12 - 10 = 0, 4*c + x = -88. What are the prime factors of c/((-99)/(-21) + -5)?
7, 11
Let j(t) = 5*t - 2. Let q be j(9). Let y = q - 25. What are the prime factors of y?
2, 3
Let i be (-3 - (-46)/14)*7. Suppose -i*p - 8 + 126 = 2*y, -5*y + 325 = -5*p. Let m = 5 + y. List the prime factors of m.
67
Suppose 5*b - 2604 = 2*r + 5070, -1545 = -b - 3*r. What are the prime factors of b?
2, 3
Let v be 6/15 + 24/(-10). Let b(r) = -r**3 + r**2 - r - 1. Let w(j) = j**3 + 4*j**2 - 4*j - 2. Let t(f) = 2*b(f) - w(f). What are the prime factors of t(v)?
2, 3
Let t(h) = -44*h + 1. Let l be t(-1). Let r = -4 - -3. What are the prime factors of (12 - 13)/(r/l)?
3, 5
Let q = -9 + 13. Suppose 6*v + q = 2*v. What are the prime factors of 39/(v + 4) - -3?
2
Let x be 1 + 2/3*3. Suppose 2*u + 2*i = 128, -2*i - 172 = -x*u + 5. What are the prime factors of u?
61
Let z be 2/(-8) + 54/24. Suppose -3*s - 4 = -0*j + j, -z*s - 2 = 0. List the prime factors of 44 + 8 - (0 - j).
3, 17
Suppose 3*p + 2*g = 7*g + 257, -217 = -3*p - 5*g. What are the prime factors of p?
79
Suppose -4*z + 4*o + 1300 = 0, 4*z - o - 1308 = -5*o. What are the prime factors of z?
2, 163
Suppose -3*n - 5*p - 25 = 37, 4*n = 5*p - 71. Let j = 44 - n. What are the prime factors of j?
3, 7
Suppose -2*n = m - 2651, 5*n - 7242 = 2*m - 637. What are the prime factors of n?
3, 7
Let f = 17 + -15. Suppose -4*v = -3*n + 10 + 73, -3*n + f*v + 91 = 0. List the prime factors of n.
3, 11
Let w(o) = 5*o - 8. Let l be w(7). Let f be 8/(-36) - (-87)/l. Suppose 0 = -f*q + 4 + 11. List the prime factors of q.
5
Let l(w) = -3*w**3 - 6*w**2 + 15*w + 27. What are the prime factors of l(-6)?
3, 41
Suppose 3*h - 2*l = 1697, h - l - 518 = 48. List the prime factors of h.
5, 113
Let n(o) = -o**3 - o**2 - o - 6. Let l be n(0). Let x(q) = 0*q**2 - 6*q**2 - q**2 - 1 - q**3 - 8*q. What are the prime factors of x(l)?
11
Suppose 346 = 3*q + 5*f - 931, f = 5*q - 2175. What are the prime factors of q?
2, 7, 31
What are the prime factors of (-3 + (-166)/(-6))/(25/300)?
2, 37
Let j(y) = -17*y + 11*y - 5*y**2 + 6 + y**3 + 9*y. Let m be j(6). Let d = m + -36. List the prime factors of d.
2, 3
Let j be -15*(2/(-6) + 1). List the prime factors of -24*j*(-2)/(-16).
2, 3, 5
Suppose -b + 2 = -1. Suppose -5*o - b*m = -o - 391, 5*o + m - 497 = 0. List the prime factors of o.
2, 5
Let j be 14*(-3)/(-9) + (-6)/9. What are the prime factors of (j/(-2))/(6/(-9))?
3
Let u be 1/((-5)/10 - -1). Suppose i - 132 = -2*p, 0*i + u*i + 198 = 3*p. Suppose -2*b + b = -p. List the prime factors of b.
2, 3, 11
Let d be -1 + 3 + 0 + 2. Let w be 1*84 + d/(-2). Suppose 4*r - 2 = w. List the prime factors of r.
3, 7
Let x(i) = -i**3 + 8*i**2 + i + 17. Let w(g) = 16 + 2 + 3*g - 4*g**3 - 2*g + 3*g**3 + 7*g**2. Let n(b) = -5*w(b) + 6*x(b). List the prime factors of n(13).
5
Let z be 0/2 - (-138)/3. Let u(h) = h**2 + 6*h + 12. Let d be u(-4). Suppose -d*n = -206 - z. List the prime factors of n.
3, 7
Let c be 0/(4/(-5 + 9)). Suppose c = 4*t + 119 - 1095. What are the prime factors of t?
2, 61
Let h = -22 - -2. Let o = -10 - h. Suppose -4*k = -o*k + 270. What are the prime factors of k?
3, 5
Suppose -12*v = -11*v + 45. List the prime factors of 8 - 5/3*(-54)/v.
2, 3
Suppose -3*a + 135 = 4*u, u + 21 = -3*a + 57. What are the prime factors of u?
3, 11
List the prime factors of 753*(9/(-54) + (-10)/(-4)).
7, 251
Suppose 0 = 24*k - 25*k + 1775. What are the prime factors of k?
5, 71
Let r = 2 - -3. Suppose r*b - 662 = -3*o + o, -3*b + 414 = -3*o. What are the prime factors of b?
2, 67
Suppose 4*b = -742 + 3594. Suppose -3*f - b = -5*p, -274 = p - 3*p + 4*f. List the prime factors of p.
5, 29
Let z(w) be the third derivative of -w**4/24 + 13*w**3/6 + 5*w**2. Let d be z(11). Suppose -2 = d*k - 16. List the prime factors of k.
7
Let q(s) = -11*s - 45. Let d be ((-44)/8 + -1)*2. What are the prime factors of q(d)?
2, 7
What are the prime factors of 5 - (-317 + -6 - 5)?
3, 37
What are the prime factors of 14*((-13936)/(-56) + (1 - -3))?
2, 3, 5, 59
Let d(k) = -k**2 - 5*k + 9. Let i be d(-6). Suppose -t + i*t = -3*u + 71, 0 = 4*t + 4*u - 132. Let r = 30 - t. List the prime factors of r.
2
Let s(q) = -8*q**3 - 24*q**2 + 9*q + 11. What are the prime factors of s(-9)?
2, 23, 83
Suppose -12*s + 6 = -9*s. Suppose s*h = -0*h + 4. Suppose 4*f - g - 15 = 185, 0 = -4*f - h*g + 200. What are the prime factors of f?
2, 5
Let c be (6/(-4))/((-33)/44). Suppose c*r - 3*m = 49, 47 = 3*r - 2*m - 39. What are the prime factors of r?
2
Suppose -43367 = -24*c + 15289. What are the prime factors of c?
2, 13, 47
Suppose 0 = 2*r - 10, 3*a - 5*r - 23 + 66 = 0. Let g(v) = 2*v**2 - 10*v - 9. Let t be g(a). Let k = -84 + t. List the prime factors of k.
3, 13
Let c be (-2)/(-11) - (-4)/(-22) - -3. Let i = 7 + -1. List the prime factors of c + 33*i/9.
5
Let l(c) be the first derivative of 6*c**3 - c**2 + 2*c - 2. Let n(r) = -r**2 + 4*r + 6. Let q be n(5). What are the prime factors of l(q)?
2, 3
Let q(c) = 20*c - 23. Let r(n) = 10*n - 11. Let f(w) = -2*q(w) + 5*r(w). Let j be f(3). Suppose 5*x + 6 + j = z, -25 = -5*x. What are the prime factors of z?
2, 13
Let j(f) = 9*f + 6. Let l be 21/(-4)*-3*8/9. What are the prime factors of j(l)?
2, 3, 11
Let l = -2325 - -5785. What are the prime factors of l?
2, 5, 173
Let d(z) = z**3 + 5*z**2 - 3*z + 3. Let q = 0 + 2. Suppose 0 = -q*g + 5*x, 3*g - 3*x + 0*x + 9 = 0. What are the prime factors of d(g)?
2, 3
Let j = -134 - -120. Let a(m) = -m**3 - 13*m**2 + 6*m + 16. What are the prime factors of a(j)?
2
Let k = 8160 - 3638. What are the prime factors of k?
2, 7, 17, 19
Suppose v - 2*v + 290 = 4*g, -5*v = 2*g - 154. Suppose 2*r - g = -2*r. What are the prime factors of (0 - r)/(-3)*6?
2, 3
List the prime factors of (-489 + 0)*(24 + -25).
3, 163
Suppose n = 3*n - 88. Suppose 3*u + u = n. List the prime factors of u.
11
Suppose t - 65 = 41. What are the prime factors of 4/2 + 